 + 0 + 7. Determine f(o).
2
Let t(d) = -d + 8. Let b be t(4). Let z(w) = -3*w + 11. Let s(i) = 2*i - 5. Let o be (-6)/(-8) + 165/20. Let n(r) = b*z(r) + o*s(r). Determine n(1).
5
Let h = -106 + 104. Let r(g) = -g - 2. Give r(h).
0
Let w(n) = -n**2 - 6*n + 1. Let f = 38 - 43. Calculate w(f).
6
Let n(k) = -8*k - k**2 + 12*k + 0*k. Calculate n(4).
0
Let u(k) = 2*k - 5. Let s(g) = g - 3. Let j be s(-7). Let y = j - -10. Suppose -4*n + 35 = 3*m, 5*n + y*m + 2*m = 35. What is u(n)?
5
Let b(q) = -7*q**2 + 1. Let c(y) = y - 7. Let u be c(10). Suppose -2*m + 4*r + 22 = -r, 4*m + u*r = -8. Calculate b(m).
-6
Let x(s) = s**3 - 4*s**2 - 5*s + 3. Let o be x(5). Let z(m) = o*m**2 - 2*m**2 + 4*m - 4*m. Suppose -1 = -5*t + 3*h, -5*h - 7 - 2 = -t. Calculate z(t).
1
Let s(c) be the third derivative of -c**5/60 - c**4/12 + 5*c**3/6 - 7*c**2. Suppose -m + 4 = -2*m. Give s(m).
-3
Suppose h - 5 = -0. Let s(q) = -5*q**2 - q**3 - 5 + 4 + h. Give s(-4).
-12
Let g(a) = -6*a**2 - 5*a - 6. Let m(u) = -u**2 - 1. Let i(q) = -g(q) + 5*m(q). Calculate i(-3).
-5
Let n = 50 - 19. Suppose -4*z - n = 5*m - 5*z, -5*z = -5. Let i(q) = -2*q - 6. Calculate i(m).
6
Let r(g) = -3*g + 0*g**2 - g + 3*g**2 + g**3 - 3. Determine r(-4).
-3
Let k(w) = 5*w**3 - w**2 - 2*w - 1. Suppose -6 = -d - 1. Suppose d*n + 3 + 22 = -4*f, -5*f = 4*n + 29. What is k(n)?
-5
Suppose -5*w + 60 = i - 9, 4*i = -2*w + 42. Let k(q) = -21*q**2 + 10*q**2 + w*q**2 + 3*q. What is k(-2)?
2
Let r(n) = -n + 2. Suppose 3*k + 0 = 6. Suppose -6*d + k*d - 8 = 0. What is r(d)?
4
Let x(g) be the first derivative of 2*g**3/3 - 7*g**2/2 - 2*g - 13. Give x(5).
13
Let p(m) = m - 2. Let u be p(0). Let f(n) = -2 + 2*n**3 + 5 + 4*n + 3*n**2 + 0. Let y(t) = t**3 + 1. Let l(o) = -f(o) + y(o). Calculate l(u).
2
Let b(k) = 57*k + 6*k**2 - 109*k + 53*k - 1. Let c be (-10)/(-14) - (-2)/7. Let w be 3/(6/4) - c. Calculate b(w).
6
Let o(x) be the first derivative of x**4/4 - 2*x**3 - x**2/2 - 3*x + 1. Suppose -l + 21 = 3*t + 2*l, 2*l = -5*t + 32. What is o(t)?
-9
Let s(h) = 0*h + h - 1 + 3 - 1. Determine s(-1).
0
Let f(w) = -w**2 + 0*w**2 - 2 - w**3 + 1. Let p be 0 - -4 - (7 + 3/(-1)). Determine f(p).
-1
Suppose -3*k = -12, o + 1 = 6*o - k. Let t(x) = x - 6*x**2 + 4*x**2 - o + x**2. What is t(2)?
-3
Suppose -2*t + 2*q = -10, 0 = -t - 3*q - 0*q - 7. Let f(x) = -1 - t*x + 0 - 3*x**2 - 2*x**2 + 2. What is f(-2)?
-15
Let n(r) = r**2 - r + 2. Suppose -3*f - 2*w - 12 = -4*w, -3*w + 1 = 4*f. Determine n(f).
8
Suppose -c = 4*p - 4 - 17, -33 = -4*p + 3*c. Let s(w) = 2*w + 4 - 3*w - p*w - 2. Give s(2).
-12
Suppose -4*w + v = -29 + 4, -v = 3*w - 17. Let u(f) = f**2 - 5*f - 8. Calculate u(w).
-2
Let w be (-23)/(-7) + (-12)/42. Suppose 0 = -r - w*r - 20. Let o(a) = a**3 + 6*a**2 + 5*a + 2. Give o(r).
2
Let g(x) be the first derivative of -1 + 3/2*x**2 + 1/4*x**4 + 5/3*x**3 + 7*x. Calculate g(-5).
-8
Suppose 0 = -4*p + 8*p - 68. Let z(v) = 9*v + 5. Let m(q) = 27*q + 14. Let s(f) = p*z(f) - 6*m(f). Give s(1).
-8
Suppose -7*l - 3 - 46 = 0. Let g(s) = -s**3 - 8*s**2 - 4*s + 9. Give g(l).
-12
Let w(o) be the third derivative of o**6/40 - o**4/8 + o**3/6 + 29*o**2. What is w(2)?
19
Let j(q) = 4 - 3*q - 4 - 2. Let c be (-18)/(-1)*(-3)/6 + 3. Determine j(c).
16
Let o(c) = -24*c - 18*c - 1 + 43*c + 4. What is o(6)?
9
Let s be (6/8)/(8/32). Let k(b) = 5 + 3*b - 6*b - s + 2*b. What is k(-2)?
4
Let l(c) = -c + 4 + 18*c - 1 + 15*c**2 + 4. Let k(h) = 7*h**2 + 8*h + 3. Let q(r) = -13*k(r) + 6*l(r). Let u(w) = -w + 1. Let b be u(5). Determine q(b).
-5
Suppose 11 = -u + 6, -u + 1 = -x. Let z(m) = -m**2 - 6*m - 6. Determine z(x).
-6
Let q be 3 - (5 - (3 - 2)). Let d(y) = y**2 + 2*y + 1. Let h be d(-1). Let j(s) = -4*s**2 + h - 2*s**2 - 1. What is j(q)?
-7
Let m(r) = -3*r + 3*r - 1 - 3*r. Let i = 8 + -6. Suppose 5*l + i*p - 2 = l, 5*l - 6 = p. Calculate m(l).
-4
Suppose k + 3*p = 17, 0*k + k + 8 = 2*p. Let d(j) = 2*j**3 - 2*j**2 - 2*j + 3. Calculate d(k).
7
Let v(l) be the third derivative of l**7/840 + l**5/120 - 5*l**4/24 - l**3/6 - 3*l**2. Let j(o) be the first derivative of v(o). Let t = -1 + 1. Give j(t).
-5
Suppose 3*j = 11 + 1. Suppose 0 = 4*q + 3*d - 10, -j*d = -3*q - q - 4. Let w(n) = -22*n**2 + 28*n**2 - q + 1. What is w(1)?
6
Let j(x) be the first derivative of 3*x**4/4 + x**2 - x - 2. Let n(d) = -d**2 + d + 7. Let w be n(3). Determine j(w).
4
Let i(d) = -d**3 - 3*d**2 - 4*d + 2. Let k be i(-2). Let f(u) = -u**3 + 5*u**2 + 8*u - 8. Determine f(k).
4
Suppose z + 5*z = 30. Let l(n) = -2*n + 4. Give l(z).
-6
Let i(n) = -n**3 - 4*n**2 - n - 10. Let g(p) = -p**3 - 4*p**2 - 9. Let a(k) = 5*g(k) - 4*i(k). Calculate a(-5).
0
Let f(k) = -k**2 + 9*k + 5. Let a(u) = 3*u**2 - 19*u - 11. Let l(z) = -3*a(z) - 7*f(z). Give l(-4).
-10
Let c(t) = -t**2 - 4*t - 1. Let d(m) = -m**2 - 9*m - 4. Suppose 0 = -3*j + 13 + 14. Suppose j = -g - 0*g. Let b be d(g). What is c(b)?
-1
Let k(o) = -1 + 0 + o - 3 + o**2. Suppose u - 6 = -2*u. Suppose -u*r + 4*r - 3 = 3*d, -18 = 3*r + 3*d. Determine k(r).
2
Let q(m) = 0 + 5*m + 1 + 2. Let p(r) = 21*r + 11. Let g(l) = 2*p(l) - 9*q(l). What is g(-4)?
7
Let m(p) = -8*p + 1 - 2*p + 4*p. What is m(1)?
-5
Let r(m) = -m**2 + 4*m**2 - 4 + 2*m**2 - 4*m**2. Let k(s) = -s**3 - 5*s**2 - 2*s + 5. Let z be k(-4). Give r(z).
5
Let p(i) = -i**3 + 3*i**2 - 2*i + 1. Let x = 15 - 9. Suppose -1 = -5*d - x. Let l = 3 + d. What is p(l)?
1
Let z(q) be the second derivative of q**5/60 - q**4/8 - q**3 + q**2/2 - 4*q. Let l(m) be the first derivative of z(m). Determine l(5).
4
Let u(t) = -t**3 + 25*t**2 - 46*t - 5. Let p be u(23). Let k(f) = -f**3 - 5*f**2 - f - 1. Calculate k(p).
4
Suppose -5*h + 0*h = 20. Let v(p) = -p - 8. Determine v(h).
-4
Let i(z) = -z**2 - 4*z - 3. Let p be (11/(-33))/(1/9). What is i(p)?
0
Let o(g) = -g - 7. Let a be o(-7). Let u be (-1 + 1 + -1)*a. Let z(i) = i**2 - i + 2. Determine z(u).
2
Let j(c) be the third derivative of -c**4/12 + 46*c**2. Let d be -2 - (1 - (1 + 1)). Give j(d).
2
Let a(o) be the second derivative of -o**4/12 + o**3/2 - 2*o**2 + 8*o. What is a(3)?
-4
Let b(u) be the third derivative of u**4/8 + 2*u**3/3 + u**2. What is b(4)?
16
Let i(p) = 11*p**2 + 23*p - 1. Let c(d) = 5*d**2 + 11*d. Let a(w) = 13*c(w) - 6*i(w). Calculate a(6).
0
Let u(w) = 0*w + 1 + w + 0*w. Suppose 2*d - 4*m = d - 22, 0 = -5*m + 25. What is u(d)?
-1
Let p(g) be the first derivative of -g**3 + 2*g**2 - 3*g + 8. Determine p(3).
-18
Let b(r) = -43*r + 5. Let t(z) = -11*z + 1. Let a(j) = 2*b(j) - 9*t(j). Suppose 0 = -l, 0 = -41*x + 40*x + 2*l - 1. Calculate a(x).
-12
Let d = -3 + 7. Let f(q) = 5*q - 1 - q**2 + 0 + 4. Calculate f(d).
7
Let s(f) = -f**2 - 2*f + 25. Let d be s(0). Suppose 5*y + 0*y - 25 = -3*a, 5*y - d = -2*a. Let h(b) = b**3 + b**2 - b + 3. Calculate h(a).
3
Let f(c) = -c. Let q = -1 + -9. Let v be (-36)/15*q/(-3). Let u = v + 4. What is f(u)?
4
Let y(v) be the first derivative of v**2/2 + v + 2. Let x be 0/2 - (-4 - 0). Suppose -1 = 5*q + 5*t - 26, 2*q - 20 = -x*t. Determine y(q).
1
Suppose 2*p - 8 + 4 = 0. Let y(m) = p*m - 1 - m + 3*m. Let a be (9/6)/((-3)/4). Calculate y(a).
-9
Let b(c) be the second derivative of c**3/6 + 5*c**2/2 + 10*c. What is b(-4)?
1
Let n(p) = -p**2 - 7*p - 6. Let o(h) = h + 1. Let j(i) = n(i) + 5*o(i). Give j(-2).
-1
Let c(k) = 5*k + 0 - 3*k - 5. Suppose 3*g = 3*r - 0*g - 30, -5*g - 32 = -2*r. Determine c(r).
7
Suppose -2*s = 3 - 7. Let v(a) = -4*a**2 + a**s - 2 + 2*a**2 + a. Give v(-2).
-8
Let a(f) = 2*f + 10. Let z(d) = -2*d - 10. Let p(y) = 4*a(y) + 5*z(y). Determine p(-7).
4
Suppose -46*k + 2 = -45*k. Let i(d) = 2*d**2 - 4*d + 2. Determine i(k).
2
Let q(o) = -o**3 + o**2 + o + 1. Let y(n) = -n**2 - n - 1. Let i be y(0). Let c be q(i). Let v(x) = 3 - 3 + 7*x - 9*x. Give v(c).
-4
Suppose 0*a = 5*a - 10. Let s(p) = -2*p + 3. What is s(a)?
-1
Let n = -9 - -1. Let y = n + 4. Let w(o) = -o + 4. Calculate w(y).
8
Let d(q) be the first derivative of -q**3/3 - 1. Let m(f) = -5*f**2 - 6*f + 3. Let o(y) = 6*d(y) - m(y). Suppose 3*s - 15 = -0*s. Give o(s).
2
Let y = 41 - 23. Suppose -5*h = 3 - y. Let x(u) = 3 + h - u - 2 - 6. What is x(5)?
-7
Let m(o) be the third derivative of o**4/24 + 8*o**3/3 + 9*o**2. Let j be m(-8). Let y(g) = -g**2 + 6*g + 9. Calculate y(j).
-7
Let b(j) = j - 6. Suppose 3*h - 4*p = 8, -3*h = -6*